{"id":130,"date":"2025-04-06T23:25:36","date_gmt":"2025-04-07T02:25:36","guid":{"rendered":"https:\/\/pegasuswidjaja.wordpress.com\/?page_id=8"},"modified":"2025-04-06T23:25:36","modified_gmt":"2025-04-07T02:25:36","slug":"empresa","status":"publish","type":"page","link":"http:\/\/pegasusparking.com.br\/index.php\/empresa\/","title":{"rendered":""},"content":{"rendered":"\n<div class=\"wp-block-group alignfull has-global-padding is-layout-constrained wp-container-core-group-is-layout-d89aad35 wp-block-group-is-layout-constrained\" style=\"margin-top:0;margin-bottom:0;padding-top:var(--wp--preset--spacing--50);padding-right:var(--wp--preset--spacing--50);padding-bottom:var(--wp--preset--spacing--50);padding-left:var(--wp--preset--spacing--50)\">\n<div class=\"wp-block-group alignwide is-layout-flow wp-container-core-group-is-layout-ef0f7398 wp-block-group-is-layout-flow\">\n<div class=\"wp-block-columns are-vertically-aligned-center is-layout-flex wp-container-core-columns-is-layout-28f84493 wp-block-columns-is-layout-flex\">\n<div class=\"wp-block-column is-vertically-aligned-center is-layout-flow wp-block-column-is-layout-flow\" style=\"flex-basis:50%\">\n<blockquote class=\"wp-block-quote is-style-plain is-layout-flow wp-block-quote-is-layout-flow is-style-plain--1\">\n<blockquote class=\"wp-block-quote alignleft has-text-align-center is-style-plain is-layout-flow wp-block-quote-is-layout-flow is-style-plain--2\">\n<blockquote class=\"wp-block-quote has-text-align-left is-style-plain is-layout-flow wp-block-quote-is-layout-flow is-style-plain--3\">\n<h2 class=\"wp-block-heading\" style=\"border-style:none;border-width:0px;border-radius:0px;margin-top:0;margin-right:0;margin-bottom:0;margin-left:0\">Nossa Miss\u00e3o<\/h2>\n\n\n\n<div style=\"height:32px\" aria-hidden=\"true\" class=\"wp-block-spacer\"><\/div>\n\n\n\n<h5 class=\"wp-block-heading\">\u201c<strong>Fornecer o melhor servi\u00e7o de estacionamento<\/strong>&nbsp;com foco na excel\u00eancia em qualidade de atendimento e agilidade nos servi\u00e7os. Valorizar os funcion\u00e1rios e gerar empregos para o nosso pa\u00eds. Superar a expectativa de nossos clientes e contribuir para valorizar os empreendimentos nos quais atuamos.\u201d<\/h5>\n<\/blockquote>\n<\/blockquote>\n<\/blockquote>\n<\/div>\n\n\n\n<div class=\"wp-block-column is-vertically-aligned-center is-layout-flow wp-block-column-is-layout-flow\" style=\"flex-basis:50%\">\n<figure class=\"wp-block-image size-full is-style-rounded is-style-rounded--4\"><img loading=\"lazy\" decoding=\"async\" width=\"1169\" height=\"935\" src=\"https:\/\/pegasuswidjaja.wordpress.com\/wp-content\/uploads\/2025\/04\/mission-edited.png\" alt=\"\" class=\"wp-image-87\" style=\"aspect-ratio:4\/3;object-fit:cover\" srcset=\"http:\/\/pegasusparking.com.br\/wp-content\/uploads\/2025\/04\/mission-edited.png 1169w, http:\/\/pegasusparking.com.br\/wp-content\/uploads\/2025\/04\/mission-edited-300x240.png 300w, http:\/\/pegasusparking.com.br\/wp-content\/uploads\/2025\/04\/mission-edited-1024x819.png 1024w\" sizes=\"auto, (max-width: 1169px) 100vw, 1169px\" \/><\/figure>\n<\/div>\n<\/div>\n<\/div>\n\n\n\n<div style=\"height:102px\" aria-hidden=\"true\" class=\"wp-block-spacer\"><\/div>\n\n\n\n<div class=\"wp-block-group alignfull has-base-2-background-color has-background has-global-padding is-layout-constrained wp-container-core-group-is-layout-669513ed wp-block-group-is-layout-constrained\" style=\"margin-top:0;margin-bottom:0;padding-top:var(--wp--preset--spacing--50);padding-right:var(--wp--preset--spacing--50);padding-bottom:var(--wp--preset--spacing--50);padding-left:var(--wp--preset--spacing--50)\">\n<div class=\"wp-block-columns alignwide is-layout-flex wp-container-core-columns-is-layout-47c06fe3 wp-block-columns-is-layout-flex\">\n<div class=\"wp-block-column is-vertically-aligned-bottom is-layout-flow wp-block-column-is-layout-flow\" style=\"flex-basis:50%\">\n<figure class=\"wp-block-image size-full is-style-rounded is-style-rounded--5\"><img loading=\"lazy\" decoding=\"async\" width=\"1350\" height=\"1080\" src=\"https:\/\/pegasuswidjaja.wordpress.com\/wp-content\/uploads\/2025\/04\/visao.png\" alt=\"\" class=\"wp-image-61\" style=\"aspect-ratio:4\/3;object-fit:cover\" srcset=\"http:\/\/pegasusparking.com.br\/wp-content\/uploads\/2025\/04\/visao.png 1350w, http:\/\/pegasusparking.com.br\/wp-content\/uploads\/2025\/04\/visao-300x240.png 300w, http:\/\/pegasusparking.com.br\/wp-content\/uploads\/2025\/04\/visao-1024x819.png 1024w, http:\/\/pegasusparking.com.br\/wp-content\/uploads\/2025\/04\/visao-768x614.png 768w\" sizes=\"auto, (max-width: 1350px) 100vw, 1350px\" \/><\/figure>\n<\/div>\n\n\n\n<div class=\"wp-block-column is-layout-flow wp-block-column-is-layout-flow\" style=\"flex-basis:50%\">\n<div style=\"height:92px\" aria-hidden=\"true\" class=\"wp-block-spacer\"><\/div>\n\n\n\n<h2 class=\"wp-block-heading\">Nossa Vis\u00e3o<\/h2>\n\n\n\n<div style=\"height:28px\" aria-hidden=\"true\" class=\"wp-block-spacer\"><\/div>\n\n\n\n<p>Estar entre os&nbsp;<strong>principais players<\/strong>&nbsp;do mercado e ser refer\u00eancia em servi\u00e7os de estacionamento. Atuar fortemente em programas de responsabilidade social\u201d<\/p>\n<\/div>\n<\/div>\n<\/div>\n<\/div>\n\n\n\n<div class=\"wp-block-group alignfull has-global-padding is-layout-constrained wp-container-core-group-is-layout-d89aad35 wp-block-group-is-layout-constrained\" style=\"margin-top:0;margin-bottom:0;padding-top:var(--wp--preset--spacing--50);padding-right:var(--wp--preset--spacing--50);padding-bottom:var(--wp--preset--spacing--50);padding-left:var(--wp--preset--spacing--50)\">\n<div class=\"wp-block-columns alignwide are-vertically-aligned-center is-layout-flex wp-container-core-columns-is-layout-47c06fe3 wp-block-columns-is-layout-flex\">\n<div class=\"wp-block-column is-vertically-aligned-center is-layout-flow wp-block-column-is-layout-flow\" style=\"flex-basis:50%\">\n<h2 class=\"wp-block-heading\">Nossos Valores<\/h2>\n\n\n\n<div style=\"height:27px\" aria-hidden=\"true\" class=\"wp-block-spacer\"><\/div>\n\n\n\n<ul style=\"line-height:1.75\" class=\"wp-block-list is-style-checkmark-list\">\n<li>Qualidade no atendimento<\/li>\n\n\n\n<li>Valoriza\u00e7\u00e3o da equipe<\/li>\n\n\n\n<li>Transpar\u00eancia<\/li>\n\n\n\n<li>Seguran\u00e7a<\/li>\n\n\n\n<li>Inova\u00e7\u00e3o<\/li>\n\n\n\n<li>Crescer e evoluir juntos<\/li>\n<\/ul>\n\n\n\n<div class=\"wp-block-buttons is-layout-flex wp-block-buttons-is-layout-flex\"><\/div>\n<\/div>\n\n\n\n<div class=\"wp-block-column is-vertically-aligned-center is-layout-flow wp-block-column-is-layout-flow\" style=\"flex-basis:50%\">\n<figure class=\"wp-block-image size-full is-style-rounded is-style-rounded--6\"><img loading=\"lazy\" decoding=\"async\" width=\"1350\" height=\"1080\" src=\"https:\/\/pegasuswidjaja.wordpress.com\/wp-content\/uploads\/2025\/04\/valores.png\" alt=\"\" class=\"wp-image-63\" style=\"aspect-ratio:4\/3;object-fit:cover\" srcset=\"http:\/\/pegasusparking.com.br\/wp-content\/uploads\/2025\/04\/valores.png 1350w, http:\/\/pegasusparking.com.br\/wp-content\/uploads\/2025\/04\/valores-300x240.png 300w, http:\/\/pegasusparking.com.br\/wp-content\/uploads\/2025\/04\/valores-1024x819.png 1024w, http:\/\/pegasusparking.com.br\/wp-content\/uploads\/2025\/04\/valores-768x614.png 768w\" sizes=\"auto, (max-width: 1350px) 100vw, 1350px\" \/><\/figure>\n<\/div>\n<\/div>\n<\/div>\n","protected":false},"excerpt":{"rendered":"<p>Nossa Miss\u00e3o \u201cFornecer o melhor servi\u00e7o de estacionamento&nbsp;com foco na excel\u00eancia em qualidade de atendimento e agilidade nos servi\u00e7os. Valorizar os funcion\u00e1rios e gerar empregos para o nosso pa\u00eds. Superar a expectativa de nossos clientes e contribuir para valorizar os empreendimentos nos quais atuamos.\u201d Nossa Vis\u00e3o Estar entre os&nbsp;principais players&nbsp;do mercado e ser refer\u00eancia em [&hellip;]<\/p>\n","protected":false},"author":1,"featured_media":0,"parent":0,"menu_order":0,"comment_status":"closed","ping_status":"closed","template":"","meta":{"footnotes":""},"class_list":["post-130","page","type-page","status-publish","hentry"],"_links":{"self":[{"href":"http:\/\/pegasusparking.com.br\/index.php\/wp-json\/wp\/v2\/pages\/130","targetHints":{"allow":["GET"]}}],"collection":[{"href":"http:\/\/pegasusparking.com.br\/index.php\/wp-json\/wp\/v2\/pages"}],"about":[{"href":"http:\/\/pegasusparking.com.br\/index.php\/wp-json\/wp\/v2\/types\/page"}],"author":[{"embeddable":true,"href":"http:\/\/pegasusparking.com.br\/index.php\/wp-json\/wp\/v2\/users\/1"}],"replies":[{"embeddable":true,"href":"http:\/\/pegasusparking.com.br\/index.php\/wp-json\/wp\/v2\/comments?post=130"}],"version-history":[{"count":0,"href":"http:\/\/pegasusparking.com.br\/index.php\/wp-json\/wp\/v2\/pages\/130\/revisions"}],"wp:attachment":[{"href":"http:\/\/pegasusparking.com.br\/index.php\/wp-json\/wp\/v2\/media?parent=130"}],"curies":[{"name":"wp","href":"https:\/\/api.w.org\/{rel}","templated":true}]}}